ative of a**3/3 + 2*a**2 - a + 2. Let q be x(-3). Let c(r) = r - 5 - 2*r + 0*r. Determine c(q).
-1
Let q(n) = n**3 - 4 - 5*n**2 + 5 - 4 + 6*n. Let d = -175 + 179. Give q(d).
5
Let t(f) = f**3 + 4*f**2 + f - 1. Let x be (-6)/(-24) + 2/(-8). Suppose x = -2*b - 0*b + 20. Suppose 0 = -2*d - 4*y - 16, 2*y - b + 2 = 3*d. Give t(d).
-5
Let c(y) = y**3 + 15*y**2 + 24*y - 25. Let g be c(-13). Let v(w) = 12*w**3 - w + 1. What is v(g)?
12
Let c(i) = 5*i**2 + 2*i - 1. Let f(l) = l**2 - 3*l + 2. Let m be f(3). Suppose b + m*b = 3. Determine c(b).
6
Let r(g) = -4 - g + 4 + 10. Let b be r(5). Suppose -b*n + 5*h = 0, -h + 6*h + 25 = 0. Let c(i) = -i**2 - 5*i - 1. What is c(n)?
-1
Let o(l) be the first derivative of -l**7/140 + l**6/360 - l**5/120 - 4*l**3/3 - 3. Let p(c) be the third derivative of o(c). What is p(1)?
-6
Let a(y) = 7*y + 1. Let i(n) = 7*n + 1. Let g(l) = 4*a(l) - 5*i(l). What is g(-1)?
6
Suppose 4*f = 8*f - 4. Let k(o) = -29*o - 3. Let t(m) = -10*m - 1. Let r(u) = 4*k(u) - 11*t(u). Calculate r(f).
-7
Let w(g) = g. Let m(i) = 10*i + 4. Let t(h) = m(h) - 6*w(h). Give t(-5).
-16
Let q = 5 + -3. Let k(p) = -21 + p**2 + p - 16 + 36. Calculate k(q).
5
Let z be 2/(-4)*(-15 - -9). Suppose 0*s - 18 = -z*s. Let w(p) = p**3 - 7*p**2 + 8*p - 8. Calculate w(s).
4
Suppose 4*r - 12 = -0*r. Suppose q + 2*s - 14 = -r*q, -2*q - 2*s = -2. Let l(c) = -c + 5. Determine l(q).
-1
Let r be ((-2)/3)/(1 - (-1)/(-3)). Let x(u) = u - u - 5*u. Calculate x(r).
5
Let n be 3*(-3)/(-3) + 3. Let a(q) = -3*q**2 + 4*q + 10. Let s(z) = -16*z**2 + 20*z + 51. Let v(c) = -11*a(c) + 2*s(c). Give v(n).
4
Let y(j) be the second derivative of -3*j**3/2 - j**2/2 + 7*j. Suppose -2*v + 3 - 5 = 0. Calculate y(v).
8
Let y(t) be the third derivative of -t**6/120 - 7*t**5/60 - t**4/3 - 4*t**3/3 + t**2. Let v = -5 + -5. Let q = 4 + v. Calculate y(q).
4
Let s(b) = -b**3 - 14*b**2 - 23*b + 15. Let i be s(-12). Let d(r) be the second derivative of -2*r + 0 - 9/2*r**2 + 1/6*r**i. What is d(0)?
-9
Let l(d) = -d**2 - d + 17. Let g be l(-5). Let i(k) = -2*k - 4. What is i(g)?
2
Let r(t) be the third derivative of t**4/12 - t**3/3 - t**2. Let y(w) = 3*w - 2. Let b = 53 - 49. Let o(i) = b*r(i) - 3*y(i). What is o(-2)?
0
Let q(n) be the second derivative of n**5/20 - 5*n**4/12 + n**3/6 + n**2/2 - 2*n. Suppose -6*j + 36 = 6. Determine q(j).
6
Let x(s) = -2*s**2 + 125*s**3 - 127*s**3 + 0 + s - 1. Suppose -z + 4 = y + y, -5*z = 4*y - 2. Calculate x(z).
5
Let u(o) = -o**3 - 5*o**2 + 5*o + 5. Suppose 2*k + 3*k - 2*h = -33, 0 = 3*k - 5*h + 35. Calculate u(k).
-20
Let u(f) = 8*f + 2*f**2 - 9*f + 0*f + f**3 - 1. Calculate u(-1).
1
Let w(z) be the first derivative of -z**4/4 - 4*z**3/3 + 4*z**2 - 4*z + 12. Determine w(-6).
20
Suppose 1 = -2*t + 7. Let y(a) = a**2 - 2*a + a - t*a**2 + 2. Let k = 0 - 2. Determine y(k).
-4
Let r(g) = g - 2. Let f(l) = -l + 2. Let x(n) = 4*f(n) + 3*r(n). Calculate x(-5).
7
Let p(d) be the first derivative of -d**3/3 + d**2/2 - d - 2. Let l(a) = -5*a**2 + 8*a - 4. Let m(f) = -l(f) + 4*p(f). Give m(4).
0
Let j(q) = -q**2 + 5*q - 5. Let h be (-4 - (-120)/28) + 120/21. Calculate j(h).
-11
Suppose n - 5*i = 20, 0 = 3*n - 4*i + 2*i - 21. Suppose -n*d + 3 = 18. Let p(c) = -c + 2. What is p(d)?
5
Let y be 0 + 2/1 + 0. Let s(q) be the first derivative of 0 + 3 - 2 - q**y - 4*q + 3*q. Give s(-3).
5
Let l(m) = -12*m**2 - 7*m - 5. Let r(y) = y - 2. Let k be r(2). Let n(o) = -2 + 11*o**2 + k + 0*o + 6*o + 6. Let u(h) = -5*l(h) - 6*n(h). Give u(1).
-6
Suppose 3*s + 3 = 3*d, 3*s = -3*d + 3 + 6. Suppose -3*l = d + 4. Let j(c) = -4*c + 3*c**2 - 2 - 2*c**2 - 3*c**2. Calculate j(l).
-2
Let l(j) = -j + 10. Suppose 0 = 4*b + b + 4*h - 55, -29 = -2*b - 3*h. What is l(b)?
3
Let z(h) = -h. Let g be z(-5). Let q(a) = -3*a**2 - 8*a - 4. Let v(f) = f**2 - f**2 - 2*f**2 - 2 - 4*f. Let l(k) = -3*q(k) + 5*v(k). Calculate l(g).
-3
Let h(u) = -u**2 - 4. Let d(r) = -2*r**3 - 25*r**2 + 11*r - 26. Let x be d(-13). Give h(x).
-4
Let z be (7 + -3)*6/8. Let x(i) be the third derivative of i**6/120 - i**5/30 - 5*i**4/24 + i**3/2 - 8*i**2. What is x(z)?
-3
Let j(x) = 0*x + 5*x + 0*x - 4 + x**2. Let g be j(-6). Suppose -f + g*f - 4 = 0. Let y(a) = a**2 - 5*a - 3. Determine y(f).
-7
Let q(p) = p**3 + 9*p**2 + 2. Let a be (2/3)/((-4)/54). Calculate q(a).
2
Let y(h) = 3*h**2 - 2*h + 1. Suppose 2*p + 0*p = 0. Suppose 3*l + 4*u = -0*u + 10, p = -l + 2*u. Let a be (1 + -3)*l/(-4). Give y(a).
2
Let p(j) = 4*j**2 + 3*j + 4*j - 5*j**2 - 4*j. Determine p(5).
-10
Let g(d) = -d**3 - d**2 - 4*d - 3. Let i be 4/(-24) + 22/(-12). Calculate g(i).
9
Let g = -2 + 6. Let c(z) = -z + 1. Let x(j) = 2*j - 2. Let w(a) = -10*c(a) - 4*x(a). What is w(g)?
6
Let p(o) = 5*o**3 + o**2 - 3*o - 8. Let s(w) = -w**3 - w**2 + w + 1. Let c(g) = -p(g) - 4*s(g). Let l = 5 - 2. Calculate c(l).
1
Let c(o) = -o. Let g be (-6)/4 + 3/6. Let i(r) = -2*r - 1. Let b(x) = g*c(x) - i(x). What is b(-2)?
-5
Let k(r) = -r - 8. Let u(x) = x + 9. Let p(m) = -6*k(m) - 5*u(m). What is p(7)?
10
Let v(m) = m**3 + 3*m**2 - m - 3. Let d = 56 + -59. Determine v(d).
0
Suppose 0 = -3*d - 0 + 12. Let f(g) = -g + d*g + 0*g. Let v be (1 - 4)/(54/(-36)). Give f(v).
6
Let p be (0 - -3)/1*1. Let t(m) = m**2 - 2*m + 1. Determine t(p).
4
Let m(x) be the second derivative of -x**5/20 - x**4/2 - x**3/3 - x**2 - 135*x. Let l = 0 - 6. Calculate m(l).
10
Let c(l) = 3 - 5 + 0 + 3. Let z(g) = -6*g**2 - 3. Let m(y) = 5*y**2 + 2. Let u(x) = -5*m(x) - 4*z(x). Let a(q) = 3*c(q) + u(q). Calculate a(0).
5
Suppose 0 = n + 7 - 6. Let f(r) = r + 1. What is f(n)?
0
Let y(s) = 3*s + 13. Let i be 12/14*(-6 - 1). Let p be y(i). Let h(k) = -k**3 - 6*k**2 - 4*k. What is h(p)?
-5
Let b(z) = -7*z**2 + z - 1. Suppose 0 = 2*q + 10. Suppose 3*p - 4*s - 10 = -0*s, -3*p - 3*s + 24 = 0. Let r = q + p. What is b(r)?
-7
Let j = -9 - -13. Let p(g) = -3*g + 2*g**2 - 1 - 5 - j*g**2 + 2*g**3 + 5. Determine p(-2).
-19
Let v(a) = 2*a. Let b = 33 + -39. Give v(b).
-12
Let j(p) = -p**3 + 6*p**2 - 1. Let h = 11 + -5. Let m be j(h). Let s = -1 - m. Let v(t) = -t - 3. Give v(s).
-3
Let j(z) be the first derivative of -3 - 2/3*z**3 - 3/2*z**2 + 0*z. What is j(-2)?
-2
Suppose 2*a + 2*q + 80 = -2*a, 0 = 3*a + q + 58. Let b = a + 8. Let v = b + 7. Let m(n) = n + 4. What is m(v)?
1
Let b be (6/(-4))/(9/(-30)). Let w(z) = 3*z**2 + 2*z - 1. Let t(f) = -2 - 4*f - 1 + 4 - 7*f**2. Let s(c) = b*w(c) + 2*t(c). What is s(2)?
5
Let m(v) = 1. Let z be -3*((-1 - 1) + 1). Let r(n) = 5*n + 6*n - 5 - 9*n - n**2. Let g(h) = z*m(h) + r(h). Give g(3).
-5
Let s(o) = o**3 + 7*o**2 - 2. Let f(t) = -t**3 - t**2 - t + 1. Let d(a) = 2*f(a) + s(a). Calculate d(2).
8
Suppose -4*d - 2*k + 11 = -5*k, 3*k + 12 = 3*d. Let h(t) = -4*t**3 + t**2 + 2*t + 1. Determine h(d).
4
Let d = -4 + 2. Let g(u) = -2*u**2 - 8*u. Let r(v) be the third derivative of -v**5/15 - 5*v**4/8 - 3*v**2. Let s(b) = -11*g(b) + 6*r(b). Give s(d).
-4
Let j(q) = 14 - q**2 + 9 - 21. Calculate j(2).
-2
Let x(v) be the third derivative of v**4/24 - v**3/3 - 14*v**2. Let s be 2/(-5) - (-12)/5. Calculate x(s).
0
Let m(f) = -7*f + 3. Let i(z) = 11*z - 5. Let s(h) = -5*i(h) - 8*m(h). What is s(0)?
1
Let v be (-12)/30 + (-3)/5. Let j be (7 - 9)*v/(-2). Let h(a) = 1 - 2 - 3*a + 6*a. Calculate h(j).
-4
Let p(m) be the second derivative of m**5/20 - m**4/4 + m**3/3 + m**2/2 - 4*m. Calculate p(3).
7
Suppose 0 = -o + 4*o. Let b(u) = o*u - 77 + 79 + u. Calculate b(-5).
-3
Let v(q) = -4. Let h(k) = k + 7. Let b(w) = -3*h(w) - 5*v(w). Calculate b(2).
-7
Let u(z) be the first derivative of z**3/6 - 7*z**2/2 - z - 1. Let p(c) be the first derivative of u(c). Suppose 8*t = 3*t + 30. What is p(t)?
-1
Let c = 22 - 22. Let i(d) = -19*d**2 + c*d**3 + 22*d**2 - d + d**3 - 3. Give i(-3).
0
Let u(w) = -w**3 + 4*w**2 - 2*w + 6. Let d be u(4). Let o(s) = -4*s - 3. Give o(d).
5
Let m(j) = j**3 + 9*j**2 + 10*j - 7. Let c(f) = f**2 - f - 1. Let b(z) = c(z) + m(z). Calculate b(-9).
-8
Let t(i) = -i - 1 + 9*i**3 - 8*i**3 + 0*i. Suppose 2*p + 5 = -3*p. Calculate t(p).
-1
Let c(f) be the third derivative of f**6/120 + f**5/10 + 5*f**4/24 + f**3/6 - 2*f**2. Let u be (-6 - (-2 + 2)) + 2/2. What is c(u)?
1
Let c(t) = t**3 - t**2 + t - 1. Suppose -5*v + 1 + 4 = 0. Let s be c(v). Let i(l) = l + s*l - l**2 - 5 + 7*l. What is i(5)?
1